{"id":524,"date":"2020-05-03T21:23:01","date_gmt":"2020-05-03T19:23:01","guid":{"rendered":"https:\/\/www.mv-niederwerrn.de\/wp\/?page_id=524"},"modified":"2020-05-03T21:23:10","modified_gmt":"2020-05-03T19:23:10","slug":"corona-zeit-oder-musik-aus-dem-fenster","status":"publish","type":"page","link":"https:\/\/www.mv-niederwerrn.de\/wp\/?page_id=524","title":{"rendered":"Corona-Zeit oder &#8220;Musik aus dem Fenster&#8221;"},"content":{"rendered":"<div class=\"cke_wysiwyg_div cke_reset cke_editable cke_editable_themed cke_contents_ltr cke_show_borders\" tabindex=\"0\" title=\"WYSIWYG-Editor, Artikel_bodytext\" contenteditable=\"false\" spellcheck=\"false\">\n<p><img id=\"editorpic_15861709869973\" class=\"ok\" title=\"1. Vorsitzende Pia Schleifenbaum, mit Ihrer Tochter, beim musizieren von &quot;Der Mond ist aufgegangen&quot;\" src=\"https:\/\/cmsweb.wittich.de\/ckfinder\/core\/connector\/php\/connector.php?command=Thumbnail&amp;type=Bilder&amp;currentFolder=\/&amp;FileName=image0.jpg\" alt=\"1. Vorsitzende Pia Schleifenbaum, mit Ihrer Tochter, beim musizieren von &quot;Der Mond ist aufgegangen&quot;\" data-confirm1=\"true\" data-confirm2=\"true\" data-confirm3=\"true\" data-ispdf=\"false\" data-photographer=\"Pia Schleifenbaum\" data-print=\"true\" data-show-photographer-single=\"false\" data-cke-saved-src=\"https:\/\/cmsweb.wittich.de\/ckfinder\/core\/connector\/php\/connector.php?command=Thumbnail&amp;type=Bilder&amp;currentFolder=\/&amp;FileName=image0.jpg\" \/><\/p>\n<p>Bereits am 22.03.2020 startete, mit &#8220;Freude sch\u00c3\u00b6ner G\u00c3\u00b6tterfunke&#8221; von Ludwig van Beethoven, die Bundesweite Flashmob-Aktion. Nach italienischem Vorbild, rief der Nieders\u00c3\u00a4chsische Musikverband e.V. seine Mitglieder dazu auf, sich unter Einhaltung der aktuell vorgeschriebenen Gesundheitsverhaltensregeln, vor allem ohne Gruppenbildung, daran zu beteiligen.<\/p>\n<p>Die Noten hierf\u00c3\u00bcr wurden kostenlos, auf deren Internetseite als Download, zur Verf\u00c3\u00bcgung gestellt.<\/p>\n<p>Aufgrund der vielen positiven R\u00c3\u00bcckmeldungen wurde schnell entschieden, am 29.03.2020, einen zweiten Musik-Flashmob zu starten. &#8220;Von guten M\u00c3\u00a4chten wunderbar geborgen&#8221; schallte so, von vielen Fenstern und Balkonen.<\/p>\n<p>Der dritte Flashmob fand bereits am 05.04.2020 statt. Wie auf dem Bild zu sehen, spielte auch unsere Vorsitzende Pia Schleifenbaum mit Ihrer Tochter, das Abendlied &#8220;Der Mond ist aufgegangen&#8221; von Matthias Claudius. Bereits seit 1790 erhielt das Abendlied einen festen Platz im deutschen Liederrepertoire.<\/p>\n<p>Ziel dieser gro\u00c3\u0178artigen Aktion ist es, den Menschen in unserer n\u00c3\u00a4heren Umgebung, mit unserer Musik, ein wenig Mut zu schenken. Gleichzeitig wollen auch wir -DANKE- sagen, an alle die f\u00c3\u00bcr uns in dieser schweren Krise da sind.<\/p>\n<p>Wir w\u00c3\u00bcnschen all unseren Mitgliedern, Freunden und Bekannten des Musikvereins Niederwerrn e.V., viel Gesundheit und hoffen uns bald wieder zu sehen!<\/p>\n<p><sub><em>Felix Zirkelbach, Schriftf\u00c3\u00bchrer<\/em><\/sub><\/p>\n<\/div>\n","protected":false},"excerpt":{"rendered":"<p>Bereits am 22.03.2020 startete, mit &#8220;Freude sch\u00c3\u00b6ner G\u00c3\u00b6tterfunke&#8221; von Ludwig van Beethoven, die Bundesweite Flashmob-Aktion. Nach italienischem Vorbild, rief der Nieders\u00c3\u00a4chsische Musikverband e.V. seine Mitglieder dazu auf, sich unter Einhaltung der aktuell vorgeschriebenen Gesundheitsverhaltensregeln, vor allem ohne Gruppenbildung, daran zu beteiligen. Die Noten hierf\u00c3\u00bcr wurden kostenlos, auf deren Internetseite als Download, zur Verf\u00c3\u00bcgung gestellt. Aufgrund [&hellip;]<\/p>\n","protected":false},"author":2,"featured_media":0,"parent":14,"menu_order":0,"comment_status":"closed","ping_status":"closed","template":"","meta":[],"_links":{"self":[{"href":"https:\/\/www.mv-niederwerrn.de\/wp\/index.php?rest_route=\/wp\/v2\/pages\/524"}],"collection":[{"href":"https:\/\/www.mv-niederwerrn.de\/wp\/index.php?rest_route=\/wp\/v2\/pages"}],"about":[{"href":"https:\/\/www.mv-niederwerrn.de\/wp\/index.php?rest_route=\/wp\/v2\/types\/page"}],"author":[{"embeddable":true,"href":"https:\/\/www.mv-niederwerrn.de\/wp\/index.php?rest_route=\/wp\/v2\/users\/2"}],"replies":[{"embeddable":true,"href":"https:\/\/www.mv-niederwerrn.de\/wp\/index.php?rest_route=%2Fwp%2Fv2%2Fcomments&post=524"}],"version-history":[{"count":1,"href":"https:\/\/www.mv-niederwerrn.de\/wp\/index.php?rest_route=\/wp\/v2\/pages\/524\/revisions"}],"predecessor-version":[{"id":525,"href":"https:\/\/www.mv-niederwerrn.de\/wp\/index.php?rest_route=\/wp\/v2\/pages\/524\/revisions\/525"}],"up":[{"embeddable":true,"href":"https:\/\/www.mv-niederwerrn.de\/wp\/index.php?rest_route=\/wp\/v2\/pages\/14"}],"wp:attachment":[{"href":"https:\/\/www.mv-niederwerrn.de\/wp\/index.php?rest_route=%2Fwp%2Fv2%2Fmedia&parent=524"}],"curies":[{"name":"wp","href":"https:\/\/api.w.org\/{rel}","templated":true}]}}

<div class="cke_wysiwyg_div cke_reset cke_editable cke_editable_themed cke_contents_ltr cke_show_borders" tabindex="0" title="WYSIWYG-Editor, Artikel_bodytext" contenteditable="false" spellcheck="false">
<p><img id="editorpic_15861709869973" class="ok" title="1. Vorsitzende Pia Schleifenbaum, mit Ihrer Tochter, beim musizieren von &quot;Der Mond ist aufgegangen&quot;" src="https://cmsweb.wittich.de/ckfinder/core/connector/php/connector.php?command=Thumbnail&amp;type=Bilder&amp;currentFolder=/&amp;FileName=image0.jpg" alt="1. Vorsitzende Pia Schleifenbaum, mit Ihrer Tochter, beim musizieren von &quot;Der Mond ist aufgegangen&quot;" data-confirm1="true" data-confirm2="true" data-confirm3="true" data-ispdf="false" data-photographer="Pia Schleifenbaum" data-print="true" data-show-photographer-single="false" data-cke-saved-src="https://cmsweb.wittich.de/ckfinder/core/connector/php/connector.php?command=Thumbnail&amp;type=Bilder&amp;currentFolder=/&amp;FileName=image0.jpg" /></p>
<p>Bereits am 22.03.2020 startete, mit &#8220;Freude schÃ¶ner GÃ¶tterfunke&#8221; von Ludwig van Beethoven, die Bundesweite Flashmob-Aktion. Nach italienischem Vorbild, rief der NiedersÃ¤chsische Musikverband e.V. seine Mitglieder dazu auf, sich unter Einhaltung der aktuell vorgeschriebenen Gesundheitsverhaltensregeln, vor allem ohne Gruppenbildung, daran zu beteiligen.</p>
<p>Die Noten hierfÃ¼r wurden kostenlos, auf deren Internetseite als Download, zur VerfÃ¼gung gestellt.</p>
<p>Aufgrund der vielen positiven RÃ¼ckmeldungen wurde schnell entschieden, am 29.03.2020, einen zweiten Musik-Flashmob zu starten. &#8220;Von guten MÃ¤chten wunderbar geborgen&#8221; schallte so, von vielen Fenstern und Balkonen.</p>
<p>Der dritte Flashmob fand bereits am 05.04.2020 statt. Wie auf dem Bild zu sehen, spielte auch unsere Vorsitzende Pia Schleifenbaum mit Ihrer Tochter, das Abendlied &#8220;Der Mond ist aufgegangen&#8221; von Matthias Claudius. Bereits seit 1790 erhielt das Abendlied einen festen Platz im deutschen Liederrepertoire.</p>
<p>Ziel dieser groÃŸartigen Aktion ist es, den Menschen in unserer nÃ¤heren Umgebung, mit unserer Musik, ein wenig Mut zu schenken. Gleichzeitig wollen auch wir -DANKE- sagen, an alle die fÃ¼r uns in dieser schweren Krise da sind.</p>
<p>Wir wÃ¼nschen all unseren Mitgliedern, Freunden und Bekannten des Musikvereins Niederwerrn e.V., viel Gesundheit und hoffen uns bald wieder zu sehen!</p>
<p><sub><em>Felix Zirkelbach, SchriftfÃ¼hrer</em></sub></p>
</div>

<p>Bereits am 22.03.2020 startete, mit &#8220;Freude schÃ¶ner GÃ¶tterfunke&#8221; von Ludwig van Beethoven, die Bundesweite Flashmob-Aktion. Nach italienischem Vorbild, rief der NiedersÃ¤chsische Musikverband e.V. seine Mitglieder dazu auf, sich unter Einhaltung der aktuell vorgeschriebenen Gesundheitsverhaltensregeln, vor allem ohne Gruppenbildung, daran zu beteiligen. Die Noten hierfÃ¼r wurden kostenlos, auf deren Internetseite als Download, zur VerfÃ¼gung gestellt. Aufgrund [&hellip;]</p>
